d) be the second derivative of 0 - 1/20*d**5 + 0*d**2 + 1/4*d**4 - 1/2*d**3 + d. Give n(k).
-2
Let h(v) be the third derivative of -v**6/120 - v**5/20 + v**4/6 - 2*v**3/3 - 20*v**2. Let d = 6 - 10. Determine h(d).
-4
Let r(s) be the third derivative of 3*s**2 - 1/6*s**3 + 1/12*s**5 + 0*s + 5/24*s**4 - 1/120*s**6 + 0. Determine r(6).
-7
Let c be (-15)/6*12/10. Let d be 2/c*(-8 - -5). Let g(r) = -7*r**3 + 4*r**2 - r + 3. Let u(m) = -3*m**3 + 2*m**2 + 1. Let q(j) = -2*g(j) + 5*u(j). What is q(d)?
3
Let n be (15/9 + -1)/(6/(-9)). Let p(h) = -h**2. Give p(n).
-1
Let s(h) = h**3 - h + 1. Let x(u) = -2*u**3 + 5*u**2 + 7*u - 1. Let d(m) = 3*s(m) + x(m). Suppose 3*r = 27 + 36. Suppose -1 + r = -5*a. What is d(a)?
2
Let o(k) be the second derivative of k**5/60 - 7*k**4/24 + k**3/2 - k**2/2 + 9*k. Let d(g) be the first derivative of o(g). Calculate d(6).
-3
Let a(j) be the second derivative of j**4/12 + 5*j**3/6 - j**2/2 + 4*j. Give a(-6).
5
Suppose 0 = 4*c + 4*x - 60, c + 4*x = -x + 35. Let p be (1 - 0)*c/2. Let b(y) be the first derivative of -y**3/3 + 5*y**2/2 + 5*y + 3. Calculate b(p).
5
Let p = 42 - 48. Let k(s) = s**2 + 8 + 4*s + 0*s**2 + 4*s. Determine k(p).
-4
Let d = -37 + 57. Suppose 7*t - 2*t = -3*n, -5*n + 3*t = 0. Suppose -4*r + d = -n*r. Let k(g) = -2*g + 5. Give k(r).
-5
Let z(g) = -7*g + 9. Let t(f) = -6*f + 8. Let q(o) = 6*t(o) - 5*z(o). Suppose -9*w - w = 9*w. Determine q(w).
3
Let g = -22 + 31. Suppose 2*f - g = 7. Let p(w) = -3 - f*w - 3 + w**3 + 4*w**2 + 5 + 4*w. Give p(-5).
-6
Suppose -w + 12 = -5*c, -w - 3*w - c + 6 = 0. Suppose 0 = 2*l - 0*l - 4. Suppose -2*a + 3 = -3*f, 4*f + w = l*f + 4*a. Let h(x) = 5*x**3 + 1. Determine h(f).
-4
Let s(c) be the third derivative of c**8/6720 + c**7/630 - c**6/144 + 7*c**5/120 - c**4/12 + c**2. Let x(p) be the second derivative of s(p). Calculate x(-5).
7
Suppose 0 = -p + 5*p. Let i(h) = -h**3 - h**2 + 14. Determine i(p).
14
Let t be 8/36 - (-86)/18. Let n(s) be the first derivative of 5*s - 1/3*s**3 + 3 + 2*s**2. Calculate n(t).
0
Suppose 0 = -v + 2. Let l(m) be the third derivative of m**4/24 - m**3/3 - 32*m**2. What is l(v)?
0
Let a(d) = -d**2 + 6*d + 7. Let f = 14 + -7. Let v be a(f). Let l(o) = -o**3 + o - 4. Give l(v).
-4
Let j(c) = c + 5. Suppose 2*y - 12 = -0. Suppose -2*q = -3*q - y. Let v be j(q). Let i(r) = 6*r. Determine i(v).
-6
Let x(n) be the first derivative of n**2/2 + 2*n + 1. Determine x(3).
5
Let i = 31 + -35. Let n(j) be the third derivative of 0 + 0*j**3 + 0*j - j**2 - 1/60*j**5 - 1/12*j**4. What is n(i)?
-8
Let b(t) = -5*t - 9. Let g(z) = -1. Let d(n) = -b(n) + 5*g(n). Determine d(-3).
-11
Let b be (3*-1)/(6/(-4)). Let d(g) = g**2 + 7 - b - 3*g - 4*g. Determine d(5).
-5
Let w(x) = 7 - 4*x - 1 + 0*x + 3*x. Calculate w(4).
2
Suppose -5*x - 10 = 5*b, 4*x + 20 = -0*x. Let w(v) = -4 + 3*v + v**2 - v**b + v + v**2. Let o(r) = r - 4. Let u be o(7). Calculate w(u).
-1
Let l(z) be the third derivative of z**8/6720 + z**7/630 + z**6/360 - z**5/120 + z**4/4 - 3*z**2. Let s(q) be the second derivative of l(q). Determine s(-2).
3
Let y(v) be the first derivative of 2 - 1/2*v**2 - 7*v. Give y(-5).
-2
Suppose -5*a + 16 = -14. Suppose -2*b = b + 15. Let n = b + a. Let g(l) = -l + 1. What is g(n)?
0
Let a(x) = x - 1. Let u(y) = y**3 + 5*y**2 - 10*y + 11. Let t(g) = -6*a(g) - u(g). Calculate t(-6).
7
Let t(w) = -2*w**3 + 4*w**2 + w - 4. Suppose 0 = -n - b - 1, -3*n + 2*n = 5*b + 17. Determine t(n).
-19
Let l(s) be the third derivative of -s**4/6 + 5*s**3/6 - s**2 - 5*s. What is l(4)?
-11
Suppose 5*f + a + 18 = 0, 6 = -5*f - a + 4*a. Let k(t) = 0 - 4 + 2 - 2*t + 0. Determine k(f).
4
Let b(y) = 3*y + 3 - 4*y**2 + 3*y**3 - 4*y**3 + y. Give b(-5).
8
Let t(r) = 4*r**2 - 2*r - 15. Let g(p) = -p**2 + p - 1. Let x(d) = -3*g(d) - t(d). Calculate x(0).
18
Let o(a) = 12 + a + a - 8. Determine o(-3).
-2
Let a be (-2 + 1 - -3) + 1. Let i be -3 + a - 4*-1. Let o(l) = -l**2 + 3*l - 5. Give o(i).
-9
Suppose -b + 170 = -4*b - x, 5*b = -4*x - 274. Let s be (-10)/5*b/4. Suppose -5*a - 1 - s = 0. Let k(y) = y**3 + 6*y**2 + y + 8. Calculate k(a).
2
Let g(l) = 7 - 3*l + 4*l + 0*l. Let p be g(-9). Let d be ((-2)/p)/(2/10). Let o(h) = -h - 1. What is o(d)?
-6
Let s(f) = f + 3. Let l(m) = -3*m - 25. Let x be l(-10). What is s(x)?
8
Let k(i) = -40 + 38 - 6*i - 2*i**2 + 2*i**2 - i**2. Determine k(-6).
-2
Suppose -10*s + 14*s = 0. Let p(a) = -2*a + 7 + a - a + s*a. Calculate p(6).
-5
Let i be 40/8*(-32)/(-10). Suppose -2 = -3*g + i. Let m(l) = -l**3 + 6*l**2 - 3. Calculate m(g).
-3
Let x = -4 - -4. Suppose s - 4*s - 6 = x. Let t be s/(-1)*(-6)/4. Let q(i) = i + 1. Calculate q(t).
-2
Let s be (3/(-6))/((-2)/12). Let g(b) = 0*b + b - 6*b**2 + s*b**2 + 4*b**2. Give g(-3).
6
Let u(t) = t + 6. Suppose -44 = 4*h - 4*n, 4*h + n + 47 - 13 = 0. Let r be u(h). Let a(f) = 1 - 3*f**2 + 3*f + f - f - f**3. Calculate a(r).
-8
Let z(c) = -5*c**3 + c**2 - c + 1. Suppose 0 = 5*t + 4*y, -2*y = -2*t - 3*y. Let n(o) = -o**3 - o**2 - o + 1. Let i be n(t). Determine z(i).
-4
Suppose -2*c + 6*c = 28. Let g(h) = h**2 + 11 - 4 - c + 3*h. Give g(-4).
4
Let q(s) = 2*s**2 - 6*s + 4. Let t be 4*-1 - (1 + -9). Calculate q(t).
12
Suppose -15 = -2*u - u. Let p(j) = u - 2*j + 2 + j**3 - 5 - 3*j**2. Give p(4).
10
Let i = -21 - -24. Let u be 1 + 9 + (i - 7). Let z(v) = 7*v**2 - 8*v - 19. Let o(r) = -10*r**2 + 12*r + 28. Let t(g) = -5*o(g) - 7*z(g). What is t(u)?
5
Let f(v) = -v. Let a(z) = 3*z + 6. Let s(g) = a(g) + 5*f(g). Let x = 22 + -16. What is s(x)?
-6
Let m(a) = -a - 24. Let b be m(-19). Let k(q) = 0*q + 4*q - 5*q. Determine k(b).
5
Suppose 3 = 3*w + 2*d, -3*d = 4*w + d - 4. Let v(p) = 0 - 3 + w - 2*p - 2*p. Suppose 4 = -x + 1. Calculate v(x).
10
Suppose -k - 6 = 3*y, -3*y - y - 21 = -3*k. Let w(l) = -4*l. Determine w(y).
12
Let c(b) be the first derivative of b**2/2 - 2*b + 2. Let p be c(5). Let n = p - 4. Let y(o) = o**2 + o + 1. Give y(n).
1
Let n(k) be the third derivative of -k**7/2520 + k**6/80 - k**5/15 - 7*k**4/24 + 7*k**2. Let g(u) be the second derivative of n(u). Determine g(6).
10
Let a(l) = 3 - l + 2*l + 2. What is a(6)?
11
Let j(i) = -10*i**2 - 11*i - 16. Let r(z) = -7*z**2 - 7*z - 11. Let b(m) = 5*j(m) - 7*r(m). Suppose 3*t = 3*w, t - 4*t - 15 = 0. Give b(w).
2
Let m = -137 - -137. Let a(o) = -o**2 - o - 6. Give a(m).
-6
Let n(r) be the third derivative of r**4/3 - r**3/6 - 5*r**2. Give n(-1).
-9
Let f(k) be the first derivative of -k**2/2 - 2*k - 1. Let y be 1 - -3 - (-12 + 13). Suppose 0 = -5*r - i - y - 1, -3*i - 12 = -5*r. Give f(r).
-2
Suppose -y - 4*h - 5 - 5 = 0, y = h + 5. Let o(f) = 6*f. What is o(y)?
12
Let o(r) be the second derivative of r**6/720 - r**5/12 + 5*r**4/12 + 9*r. Let i(m) be the third derivative of o(m). Determine i(6).
-4
Let i(f) = -8*f - 3. Let j = 10 + -10. Let z be -2 + (-2)/(-6)*j. Determine i(z).
13
Let s be (-8 - -11)/((-3)/(-2)). Let b(m) = -2 + 0*m**2 - m - m**2 + 0*m**2. What is b(s)?
-8
Let g(o) be the third derivative of o**6/120 + 2*o**5/15 + o**4/24 + 5*o**3/6 + 3*o**2. Calculate g(-8).
-3
Let j(m) = 8*m - 8. Let u(q) = -17*q + 17. Let s(g) = -13*j(g) - 6*u(g). Determine s(-5).
12
Let f(r) = 19*r - 1. Let l be f(1). Suppose -4*p + 2 + l = 0, q - p + 2 = 0. Let z(b) = b**2 - 3*b + 3. Calculate z(q).
3
Suppose 0 = -3*m + 3*g + 30, 5*g - 6 + 21 = -2*m. Let w(u) be the third derivative of u**4/24 - 11*u**3/6 + 2*u**2. Calculate w(m).
-6
Let z(d) be the first derivative of -2 - 1/3*d**3 + d + 5/4*d**4 + 0*d**2. Determine z(-1).
-5
Let l(v) = v**3 - 3*v**2 - 4*v + 2. Let g be l(4). Let q(i) = 3 - 4 + i**g + 5. Calculate q(0).
4
Let g(u) be the second derivative of u**5/30 - u**4/12 + 2*u**3/3 + u. Let b(h) be the second derivative of g(h). Give b(2).
6
Let k(f) be the first derivative of 2 + f**2 + 5/3*f**3 + 1/4*f**4 + 3*f. Determine k(-5).
-7
Let o(d) = 5*d**2 + 5*d. Let y(m) = 4*m**2 + 4*m - 1. Let z(t) = -5*o(t) + 6*y(t). Suppose 4*r = -16, -5*g + 10 = -4*r - 6. Give z(g).
-6
Let h(n) be the first derivative of n**2/2 + 5*n + 5. Let c(g) = -2*g - 7. Let x be c(-6). Suppose -1 = -j - x. Determine h(j).
1
Let p(r) = -2*r**2 + r + 1. Let u(j) = 3*j + 67. Let m be u(-23). Give p(m).
-9
Suppose 8 = -2*o, -4*l + 3*l = 5*o + 27. Let p(s) be the second derivative of s**4/12 + s**3 - 7*s**2/2 + 16*